{"id":840,"date":"2015-02-17T16:36:58","date_gmt":"2015-02-17T15:36:58","guid":{"rendered":"http:\/\/hvorduvil.dk\/about-2\/"},"modified":"2020-12-19T12:33:18","modified_gmt":"2020-12-19T11:33:18","slug":"about","status":"publish","type":"page","link":"http:\/\/hvorduvil.dk\/fr\/about\/","title":{"rendered":"About"},"content":{"rendered":"<p><a href=\"http:\/\/hvorduvil.dk\/wp-content\/uploads\/2015\/02\/Woduwillst_hans-henrick.jpg\"><img loading=\"lazy\" decoding=\"async\" class=\"alignnone size-full wp-image-1136\" src=\"http:\/\/hvorduvil.dk\/wp-content\/uploads\/2015\/02\/Woduwillst_hans-henrick.jpg\" alt=\"Woduwillst_hans henrick\" width=\"639\" height=\"960\" srcset=\"http:\/\/hvorduvil.dk\/wp-content\/uploads\/2015\/02\/Woduwillst_hans-henrick.jpg 639w, http:\/\/hvorduvil.dk\/wp-content\/uploads\/2015\/02\/Woduwillst_hans-henrick-200x300.jpg 200w\" sizes=\"auto, (max-width: 639px) 100vw, 639px\" \/><\/a><br \/>\n<div class=\"divider\"><\/div><\/p>\n<p class=\"intro\">Session Stylist Hans-Henrick \u2013 Votre bien-\u00eatre, quand seul le meilleur est assez bon.<\/p>\n<div class=\"two-columns-one\">\n<h1>Hans-Henrick<\/h1>\n<p>a travaill\u00e9 comme coiffeur et styliste depuis 1989. L\u2019artisanat de base a \u00e9t\u00e9 construit par plus de 10 ans d\u2019exp\u00e9rience dans les meilleurs salons danois.<\/p>\n<p>Durant 11 ann\u00e9es merveilleuses \u00e0 Paris, des r\u00e9dactrices de mode, des acteurs, des mod\u00e8les et des musiciens ont fait partie de la client\u00e8le de Hans-Henrick. En \u00e9troite collaboration avec les cr\u00e9ateurs de mode les plus grands du monde (Yohji Yammamoto, Lanvin, Yves Saint Laurent + plein d&rsquo;autres) et des magazines de mode internationaux(Elle, Glamour, Vogue), Hans-Henrick se distingue comme l\u2019un des stylistes les plus talentueux de Paris.<\/p>\n<p>De retour au Danemark, Hans-Henrick a cr\u00e9\u00e9 un concept d&rsquo;\u00e9conomie circulaire\u00a0\u00ab\u00a0O\u00f9-Vous-Voulez\u00a0\u00bb, qui d\u00e9fie toute notre perception d\u2019une visite chez le coiffeur.<\/p>\n<h1>Votre Choix<\/h1>\n<p>Plus de perte de temps \u00e0 cause des probl\u00e8mes de transport et de parking.\u00a0En tant que votre styliste personnelle, Hans Henrick vient sur place selon votre propre horaire. Vous avez le choix: Dans votre maison, bureau, magasin, h\u00f4tel, atelier et \u2013 o\u00f9 vous voulez \u2026<\/p>\n<h1>Reservation<\/h1>\n<p>Les r\u00e9servations peuvent se faire dans la r\u00e9gion d\u2019Aarhus (Danemark) tous les jours de la semaine de 8h \u00e0 20h (sauf jours f\u00e9ri\u00e9s).<br \/>\n<\/div>\n<div class=\"two-columns-one last\">\n<h1>Traitements<\/h1>\n<p>Coupes de cheveux, colorations, sourcils et cils \u2013 et surtout le \u00ab\u00a0Sunkiss\u201d naturel (balayage), sa sp\u00e9cialit\u00e9. En consultation avec le client, les bonnes d\u00e9cisions sont prises concernant le d\u00e9fi des cheveux blancs.<\/p>\n<h1>Developpement Durable &amp; Ecologie<\/h1>\n<p>Des produits bas\u00e9s sur le d\u00e9velloppement durables font partie des traitements. En outre, avec mes partenaires, nous soutenons \u00e0 travers des \u00e9venements les ONG de l\u2019environnement etc.<\/p>\n<h1>Paiment<\/h1>\n<p>Virement bancaire, Mobilepay.<br \/>\n<\/div><br \/>\n<div class=\"divider\"><\/div><\/p>\n","protected":false},"excerpt":{"rendered":"<p>Session Stylist Hans-Henrick \u2013 Votre bien-\u00eatre, quand seul le meilleur est assez bon.<\/p>\n","protected":false},"author":3,"featured_media":0,"parent":0,"menu_order":0,"comment_status":"open","ping_status":"open","template":"page-templates\/about-page.php","meta":{"_acf_changed":false,"om_disable_all_campaigns":false,"_monsterinsights_skip_tracking":false,"_monsterinsights_sitenote_active":false,"_monsterinsights_sitenote_note":"","_monsterinsights_sitenote_category":0,"footnotes":""},"class_list":["post-840","page","type-page","status-publish","hentry"],"acf":[],"aioseo_notices":[],"_links":{"self":[{"href":"http:\/\/hvorduvil.dk\/fr\/wp-json\/wp\/v2\/pages\/840","targetHints":{"allow":["GET"]}}],"collection":[{"href":"http:\/\/hvorduvil.dk\/fr\/wp-json\/wp\/v2\/pages"}],"about":[{"href":"http:\/\/hvorduvil.dk\/fr\/wp-json\/wp\/v2\/types\/page"}],"author":[{"embeddable":true,"href":"http:\/\/hvorduvil.dk\/fr\/wp-json\/wp\/v2\/users\/3"}],"replies":[{"embeddable":true,"href":"http:\/\/hvorduvil.dk\/fr\/wp-json\/wp\/v2\/comments?post=840"}],"version-history":[{"count":11,"href":"http:\/\/hvorduvil.dk\/fr\/wp-json\/wp\/v2\/pages\/840\/revisions"}],"predecessor-version":[{"id":1482,"href":"http:\/\/hvorduvil.dk\/fr\/wp-json\/wp\/v2\/pages\/840\/revisions\/1482"}],"wp:attachment":[{"href":"http:\/\/hvorduvil.dk\/fr\/wp-json\/wp\/v2\/media?parent=840"}],"curies":[{"name":"wp","href":"https:\/\/api.w.org\/{rel}","templated":true}]}}

<p><a href="http://hvorduvil.dk/wp-content/uploads/2015/02/Woduwillst_hans-henrick.jpg"><img loading="lazy" decoding="async" class="alignnone size-full wp-image-1136" src="http://hvorduvil.dk/wp-content/uploads/2015/02/Woduwillst_hans-henrick.jpg" alt="Woduwillst_hans henrick" width="639" height="960" srcset="http://hvorduvil.dk/wp-content/uploads/2015/02/Woduwillst_hans-henrick.jpg 639w, http://hvorduvil.dk/wp-content/uploads/2015/02/Woduwillst_hans-henrick-200x300.jpg 200w" sizes="auto, (max-width: 639px) 100vw, 639px" /></a><br />
<div class="divider"></div></p>
<p class="intro">Session Stylist Hans-Henrick – Votre bien-être, quand seul le meilleur est assez bon.</p>
<div class="two-columns-one">
<h1>Hans-Henrick</h1>
<p>a travaillé comme coiffeur et styliste depuis 1989. L’artisanat de base a été construit par plus de 10 ans d’expérience dans les meilleurs salons danois.</p>
<p>Durant 11 années merveilleuses à Paris, des rédactrices de mode, des acteurs, des modèles et des musiciens ont fait partie de la clientèle de Hans-Henrick. En étroite collaboration avec les créateurs de mode les plus grands du monde (Yohji Yammamoto, Lanvin, Yves Saint Laurent + plein d&rsquo;autres) et des magazines de mode internationaux(Elle, Glamour, Vogue), Hans-Henrick se distingue comme l’un des stylistes les plus talentueux de Paris.</p>
<p>De retour au Danemark, Hans-Henrick a créé un concept d&rsquo;économie circulaire « Où-Vous-Voulez », qui défie toute notre perception d’une visite chez le coiffeur.</p>
<h1>Votre Choix</h1>
<p>Plus de perte de temps à cause des problèmes de transport et de parking. En tant que votre styliste personnelle, Hans Henrick vient sur place selon votre propre horaire. Vous avez le choix: Dans votre maison, bureau, magasin, hôtel, atelier et – où vous voulez …</p>
<h1>Reservation</h1>
<p>Les réservations peuvent se faire dans la région d’Aarhus (Danemark) tous les jours de la semaine de 8h à 20h (sauf jours fériés).<br />
</div>
<div class="two-columns-one last">
<h1>Traitements</h1>
<p>Coupes de cheveux, colorations, sourcils et cils – et surtout le « Sunkiss” naturel (balayage), sa spécialité. En consultation avec le client, les bonnes décisions sont prises concernant le défi des cheveux blancs.</p>
<h1>Developpement Durable &amp; Ecologie</h1>
<p>Des produits basés sur le dévelloppement durables font partie des traitements. En outre, avec mes partenaires, nous soutenons à travers des évenements les ONG de l’environnement etc.</p>
<h1>Paiment</h1>
<p>Virement bancaire, Mobilepay.<br />
</div><br />
<div class="divider"></div></p>

<p>Session Stylist Hans-Henrick – Votre bien-être, quand seul le meilleur est assez bon.</p>
